2, 79
Let p be -10*1*2/(-4). Let t be (-1)/(((-20)/(-464))/p). Let q = t - -172. What are the prime factors of q?
2, 7
What are the prime factors of (48 - 0)*-34*(-57)/152?
2, 3, 17
Let p be (-1)/1 - (-1 - 9). Suppose -i + 3*i + 5*k - 22 = 0, 6 = 3*k. Let s = p - i. What are the prime factors of s?
3
Let a be (-29)/(-2)*12/6. Let n = a + -38. What are the prime factors of (4 + n/2)*-132?
2, 3, 11
Suppose 0 = -2*v - 4*i + 5654, -v + i + 2827 = 2*i. List the prime factors of v.
11, 257
Suppose -7*a + 15 = -2*a. Suppose a = 9*j - 6*j. Suppose -4*k + 53 = -3*t, t = k + 5*t + j. List the prime factors of k.
11
Let l be 4/10 - (-129)/15. Suppose 4*a - 4*b = 15 + l, -4*b = 20. What are the prime factors of a/(-4) - (-231)/12?
19
Let f = 2818 - 1339. What are the prime factors of f?
3, 17, 29
Let z = -36 + 608. Suppose 74 = -6*p + z. What are the prime factors of p?
83
Suppose -21*k = -18850 - 11516. List the prime factors of k.
2, 3, 241
Suppose -3*x + 3 = -3. Suppose -3*q + 294 = -3*g, x*q = g + 2*g + 197. What are the prime factors of q?
97
Let q(l) = l**2 + 6*l - 10. Let n be q(-8). Let g = -13 - n. Let a = 5 - g. List the prime factors of a.
2, 3
Let x(c) = c**2. Let k be (-9)/6 - (-3)/2. Let z be x(k). Suppose 2*t + 0*f = 5*f + 11, -3*f + 9 = z. What are the prime factors of t?
13
Let p(w) = 26*w + 4. Let z be p(-5). Let x = z - -185. What are the prime factors of x?
59
Let w be (-6)/(-3) - (-6 + 3). Suppose -w*p + 2*g = -9, -3*p + p = 4*g + 6. List the prime factors of (-3)/(-6)*6/p.
3
Suppose -2*g = g + 4*x, 0 = x - 3. Let h be 19/g + (-9)/(-12). What are the prime factors of 53 + (-4)/1 - h?
53
Suppose -13547 = -40*a + 54333. List the prime factors of a.
1697
Let j(h) = -h**3 - 9*h**2 - 11*h - 16. What are the prime factors of j(-12)?
2, 137
Let i(t) = -t**3 + 9*t**2 - 5*t + 4. Suppose -1 = -n + 2. Suppose 0*k - 24 = -n*k. List the prime factors of i(k).
2, 7
Suppose 2*m - 13 = -5*n, 0*n - 6 = -2*m + 2*n. Suppose 0 = -2*o - 6 + m. List the prime factors of (-2)/(-4)*-118*o.
59
Suppose -5*g + 9990 - 3685 = 3*b, 0 = 5*g + 4*b - 6305. List the prime factors of g.
13, 97
Let a(l) be the third derivative of -l**4/24 + 4*l**3/3 - 6*l**2. Let n(h) = h - 9. Let d(z) = -3*a(z) - 2*n(z). What are the prime factors of d(14)?
2
Suppose -2*c = 3*c. Suppose 0 = 2*w - 8 + 2, -4*s + 4*w + 4 = c. Suppose s*v - 70 = 2*v. What are the prime factors of v?
5, 7
Let r(j) = -4*j - 5. Let y be r(-4). Let l be 73/292 - (-127)/4. Suppose 4*v - o - 57 = 0, -l + y = -2*v - o. What are the prime factors of v?
13
Let d(b) = b + 8. Let g be d(-10). Let x be (g - -7)/(2/2). Suppose -x*n = -0*n + i - 107, -65 = -3*n - i. List the prime factors of n.
3, 7
Let n be (3/(-2))/(3/(-4))*-1. What are the prime factors of 3/n*80/(-12)?
2, 5
Let x(c) = -5*c - 17. Let v be x(-8). Let z be (-4 + v)/(3/(-6)). Let y = z + 61. What are the prime factors of y?
23
Let j(d) = -4*d + 3. Suppose -4*n - 18 = 2*b, -2*b = -3*n - 0*b + 4. List the prime factors of j(n).
11
Suppose 0 = 11*i - 9*i + 8. Let c be ((-4)/5)/2*5. List the prime factors of c/i - (-212)/8.
3
List the prime factors of 11/((-22)/8) + 2182.
2, 3, 11
Let g(i) = 12*i**2 + 3*i + 1. Let m(h) = -h**3 + h**2 - 2*h - 2. Let u be m(0). List the prime factors of g(u).
43
Suppose 5*n - 4*m = 1 + 4, -2*n = 4*m - 30. Suppose 1001 = n*j - 119. What are the prime factors of j?
2, 7
Let o(w) = -2*w - 27. Let y be o(-8). Let z = y - -25. List the prime factors of z.
2, 7
Let q = 36 - 28. Suppose 2*l + 8 = 4*j, -j = 4*l - 3*j - q. List the prime factors of (-4)/((-282)/69 + l).
2, 23
Suppose 153 = 3*x - 297. Let c = x - 72. What are the prime factors of c?
2, 3, 13
List the prime factors of (-18)/(-9) + 3*201 - -3.
2, 19
Suppose 15 = 5*c + 5. Suppose -40 = c*z - 172. Suppose 2*b - z = -b. What are the prime factors of b?
2, 11
Suppose -448 = -5*p + p. Suppose p = g + g. List the prime factors of g.
2, 7
Suppose 13*r + 1653 - 132 = 0. Let d = 220 + r. List the prime factors of d.
103
Let l(t) = -4*t**2 + 7*t - 7. Let x(k) = 3*k**2 - 7*k + 6. Let d(y) = 2*l(y) + 3*x(y). Let i be d(4). What are the prime factors of -4*((-74)/i)/(-1)?
37
Suppose 11 = 5*r - 4. Suppose -6*s = -r*s - 12, -5*y + 4*s = -319. What are the prime factors of y?
67
Suppose -6728 = -3*u - 2*y, -6724 = 2*u - 5*u + 2*y. What are the prime factors of u?
2, 19, 59
Let o be (-42)/70 + 26/10. Suppose -3*g + 2*w = -0*w - 392, o*w = -2. List the prime factors of g.
2, 5, 13
List the prime factors of 4 - 3 - 178/(-1) - -3.
2, 7, 13
Suppose 2*j + 20 = 7*j. Suppose -r + j = -3*x, -6*r + 3*r = -2*x - 12. Suppose r*d = -4*m + 12, -3*d - 2*m = -6*d + 29. List the prime factors of d.
7
Suppose 5*o - 32 = o - 5*d, -23 = -5*o - 2*d. Suppose o*x - 4 + 7 = 0. What are the prime factors of (44/20)/(x/(-5))?
11
Suppose -2*b = 5*f - 336, -6*f = -5*f - 4. List the prime factors of b.
2, 79
Let n = 407 + -141. What are the prime factors of n?
2, 7, 19
Suppose 15*r - 5*m = 12*r + 13212, 0 = 2*r - 5*m - 8808. List the prime factors of r.
2, 3, 367
Let v(y) = -5*y**2 + 13*y + 12. Let m(z) = -14*z**2 + 38*z + 36. Let b(o) = -6*m(o) + 17*v(o). Let g be b(-8). Let w = 52 + g. List the prime factors of w.
2
Let c = 81 + 1. Suppose 3*l - 60 = -3*x, 5*x - 2*l - c = 2*l. Suppose -5*h + 78 + x = 2*t, 0 = -4*t + 2*h + 216. List the prime factors of t.
53
Suppose 3*f + 0*f = -2*o + 20, 4*f - 12 = o. What are the prime factors of 23 - -3 - (-3 + o - -2)?
23
Let y = -25 + 25. Suppose 0 = -y*u - 4*u - 312. Let n = -44 - u. What are the prime factors of n?
2, 17
Let v = -237 + 359. Let z = 365 + -177. Let x = z - v. List the prime factors of x.
2, 3, 11
Let r be (-21 + 1)/(-5) + -1. Suppose -18 = r*q - 270. Let b = q - 48. List the prime factors of b.
2, 3
Suppose 4*b - 156 = 4*l, 2*b - 24 = -5*l + 26. Suppose -335 = -5*j - 3*h + 2*h, 2*h = -5*j + 330. Let z = j - b. List the prime factors of z.
3, 11
Let y = 5 + -1. Suppose 12 = -2*i + d + 1, 5*d = -y*i + 13. Let z = i - -30. List the prime factors of z.
3
Suppose -h + f = 2*h + 61, 0 = -5*f + 5. Let w = -15 - h. Suppose w*m - 239 = -34. List the prime factors of m.
41
Suppose 0*y - 100 = y + 3*l, 0 = 4*y + 2*l + 400. Let h = 190 + y. What are the prime factors of h?
2, 3, 5
Suppose 5*f - g = -4*g + 130, -5*g = 0. List the prime factors of 2336/f + 2 + 144/(-78).
2, 3, 5
Suppose 5*f - 352 = 4*f. What are the prime factors of f?
2, 11
Let j = 21 + -21. Suppose j = 5*z - 86 - 44. List the prime factors of z.
2, 13
Let y = 10 - 7. Suppose 5*g = -y*l + 135, 3*g - 2*l - 100 = -0*l. Suppose 4*u - g = -u. What are the prime factors of u?
2, 3
Let z(a) = a**3 + 3*a**2 + 2*a + 3. Let k be z(-2). Suppose -k*l = -4*l. Suppose -6*r + 5*r + 15 = l. What are the prime factors of r?
3, 5
Let l(t) be the second derivative of 0 + 5/2*t**3 - 3*t**2 - 1/12*t**4 + 8*t. List the prime factors of l(12).
2, 3, 5
Let i(v) = v**3 - 7*v**2 + 4*v + 12. Let p be i(6). Let j = 1 - -3. Suppose d - 2*d + j = p. What are the prime factors of d?
2
Suppose -5*a = 4*d - 6, -5*a = -d + 2 + 12. Suppose d*r = -3*r + 448. What are the prime factors of r?
2
Suppose 0 = -2*f + 3*l + 12, 3*f + f = 3*l + 36. Let g be 2/4*8/12*6. Suppose -g*m + f = -12. What are the prime factors of m?
2, 3
Let u(l) = -4*l**3 - 10*l**2 - 3*l + 7*l**3 + 7*l**2 + 8. Let v(y) = 5*y**3 - 7*y**2 - 6*y + 16. Let d(p) = -7*u(p) + 4*v(p). List the prime factors of d(-7).
29
Let u(h) be the first derivative of -h**4/4 - 5*h**3/3 - 3*h**2/2 + 5*h + 2. List the prime factors of u(-6).
59
Let g = -7 - -5. Let b(l) = -l**2 - 8*l + 4. Let h(w) = -w**2 + w. Let p(i) = g*h(i) + b(i). List the prime factors of p(11).
3, 5
Let l(r) = -r**2 + 15*r - 10. Let v be l(14). Suppose 2*d = -5*g + 76, v*d - g - 114 = d. Suppose -a = a - d. List the prime factors of a.
19
Let v(a) = -a**2 - 8*a + 5. Let n be v(-7). Let f = n + -7. Suppose 3*o + 3*p = 51, -3*p = f*o - 35 - 58. What are the prime factors of o?
3, 7
Let v(d) = -d**2 - 7*d + 3. Let k be v(-7). Let a(w) = k - 49*w + 11*w + 8*w. List the prime factors of a(-1).
3, 11
Let h(c) = -c**3 - 20*c**2 + 24*c - 1. What are the prime factors of h(-22)?
439
Let s = -1427 - -2052. What are the prime factors of s?
5
Let o(w) be the second derivative of 2*w**3/3 + 4*w**2 + 4*w. Let c be o(6). Suppo